visor of 814 and 592?
74
What is the greatest common factor of 4471 and 34?
17
Calculate the greatest common factor of 26 and 100.
2
What is the highest common factor of 62 and 4247?
31
What is the greatest common divisor of 462 and 286?
22
Calculate the greatest common divisor of 1736 and 196.
28
What is the greatest common factor of 784 and 4144?
112
Calculate the greatest common factor of 420 and 7.
7
Calculate the greatest common divisor of 8 and 596.
4
What is the highest common factor of 9017 and 142?
71
Calculate the greatest common factor of 27 and 216.
27
What is the highest common divisor of 1675 and 25?
25
What is the highest common divisor of 403 and 26?
13
What is the highest common divisor of 96 and 256?
32
What is the highest common factor of 156 and 416?
52
What is the highest common divisor of 66 and 759?
33
Calculate the greatest common factor of 20 and 970.
10
Calculate the greatest common divisor of 33 and 36.
3
Calculate the highest common divisor of 80 and 1984.
16
What is the greatest common divisor of 900 and 36?
36
Calculate the greatest common divisor of 26 and 637.
13
What is the greatest common factor of 7114 and 2?
2
Calculate the greatest common divisor of 45 and 3840.
15
Calculate the greatest common divisor of 224 and 28.
28
Calculate the highest common divisor of 5 and 14395.
5
Calculate the highest common factor of 1078 and 266.
14
What is the highest common divisor of 2140 and 100?
20
Calculate the highest common factor of 18 and 216.
18
Calculate the greatest common factor of 516 and 828.
12
Calculate the highest common factor of 14511 and 21.
21
Calculate the greatest common factor of 22 and 814.
22
Calculate the greatest common factor of 240 and 27420.
60
Calculate the greatest common divisor of 5 and 785.
5
What is the greatest common factor of 68 and 4726?
34
What is the greatest common factor of 370 and 5994?
74
What is the greatest common divisor of 12649 and 91?
91
Calculate the highest common factor of 5 and 1445.
5
Calculate the highest common factor of 53424 and 672.
336
What is the greatest common factor of 30 and 12930?
30
Calculate the highest common factor of 33 and 1529.
11
What is the highest common divisor of 138 and 6969?
69
What is the greatest common divisor of 12 and 1674?
6
Calculate the greatest common factor of 30 and 315.
15
What is the highest common factor of 238 and 544?
34
What is the greatest common factor of 4970 and 210?
70
What is the highest common factor of 91 and 35?
7
Calculate the highest common divisor of 212 and 16.
4
What is the greatest common divisor of 300 and 4900?
100
Calculate the greatest common divisor of 61 and 27328.
61
Calculate the highest common factor of 10849 and 57.
19
What is the highest common factor of 69 and 759?
69
What is the highest common factor of 240 and 48?
48
What is the highest common divisor of 903 and 24?
3
Calculate the greatest common divisor of 1441 and 22.
11
What is the highest common factor of 6 and 21282?
6
Calculate the highest common factor of 148 and 111.
37
Calculate the greatest common divisor of 160 and 20.
20
Calculate the highest common factor of 6032 and 208.
208
What is the highest common factor of 39 and 15327?
39
Calculate the highest common factor of 34 and 17.
17
Calculate the highest common factor of 440 and 280.
40
What is the highest common divisor of 32 and 1312?
32
What is the highest common factor of 2616 and 24?
24
Calculate the highest common divisor of 200 and 1025.
25
Calculate the greatest common factor of 639 and 9.
9
What is the highest common divisor of 5368 and 198?
22
Calculate the greatest common factor of 21 and 651.
21
What is the greatest common factor of 31875 and 51?
51
What is the highest common divisor of 25 and 275?
25
Calculate the highest common factor of 2576 and 168.
56
What is the greatest common factor of 50 and 725?
25
Calculate the greatest common factor of 309 and 27.
3
What is the highest common divisor of 3441 and 93?
93
Calculate the highest common factor of 3224 and 104.
104
Calculate the highest common factor of 2170 and 7.
7
Calculate the greatest common factor of 517 and 33.
11
What is the highest common factor of 368 and 80?
16
What is the highest common divisor of 1500 and 60?
60
Calculate the highest common factor of 851 and 23.
23
Calculate the highest common factor of 8 and 2.
2
Calculate the highest common factor of 5610 and 680.
170
Calculate the highest common divisor of 23 and 2369.
23
What is the greatest common divisor of 42684 and 60?
12
What is the greatest common divisor of 203 and 29?
29
Calculate the greatest common divisor of 63 and 133.
7
What is the highest common factor of 17936 and 118?
118
What is the greatest common factor of 18 and 1314?
18
What is the highest common divisor of 18865 and 110?
55
What is the greatest common factor of 1256 and 8?
8
Calculate the greatest common factor of 590 and 50.
10
Calculate the greatest common divisor of 238 and 70.
14
Calculate the highest common divisor of 99 and 22.
11
Calculate the highest common factor of 918 and 54.
54
What is the highest common factor of 8319 and 47?
47
What is the highest common divisor of 9498 and 6?
6
Calculate the highest common factor of 36 and 852.
12
What is the highest common divisor of 54 and 7020?
54
What is the greatest common factor of 6 and 21?
3
Calculate the greatest common factor of 16 and 936.
8
What is the highest common factor of 27 and 9?
9
Calculate the greatest common divisor of 18 and 13842.
18
Calculate the highest common divisor of 1472 and 138.
46
What is the highest common divisor of 71 and 1846?
71
Calculate the greatest common factor of 7 and 104.
1
What is the highest common divisor of 5 and 133?
1
Calculate the highest common divisor of 429 and 561.
33
What is the greatest common factor of 3760 and 2444?
188
What is the highest common factor of 160 and 544?
32
What is the highest common divisor of 10 and 4855?
5
What is the highest common divisor of 1234 and 16?
2
Calculate the highest common divisor of 113 and 72659.
113
Calculate the greatest common factor of 160 and 620.
20
Calculate the highest common divisor of 4 and 116.
4
Calculate the highest common divisor of 4743 and 17.
17
What is the greatest common divisor of 1053 and 33?
3
What is the greatest common factor of 42 and 357?
21
What is the highest common factor of 104 and 13?
13
Calculate the highest common divisor of 8 and 1736.
8
Calculate the highest common divisor of 10368 and 162.
162
What is the greatest common divisor of 12543 and 111?
111
What is the greatest common divisor of 20 and 12?
4
What is the greatest common divisor of 1170 and 1710?
90
What is the greatest common factor of 132 and 330?
66
What is the greatest common factor of 49 and 21?
7
What is the greatest common factor of 4693 and 13?
13
Calculate the highest common factor of 252 and 576.
36
What is the highest common divisor of 430 and 20?
10
What is the highest common factor of 60 and 110?
10
What is the greatest common factor of 147 and 42?
21
What is the highest common factor of 2065 and 7?
7
Calculate the highest common factor of 62 and 2232.
62
What is the greatest common factor of 36 and 54?
18
What is the greatest common divisor of 3969 and 81?
81
Calculate the highest common factor of 100 and 25.
25
Calculate the highest common factor of 42 and 222.
6
What is the highest common divisor of 940 and 1081?
47
What is the greatest common divisor of 133 and 38?
19
What is the highest common factor of 41877 and 47?
47
What is the greatest common divisor of 492 and 60?
12
Calculate the highest common factor of 94 and 141.
47
Calculate the highest common divisor of 46 and 50.
2
What is the greatest common factor of 18 and 729?
9
Calculate the greatest common divisor of 1922 and 217.
31
What is the highest common divisor of 11 and 16?
1
Calculate the greatest common factor of 312 and 48.
24
What is the greatest common factor of 46 and 1288?
46
What is the greatest common factor of 25656 and 16?
8
What is the highest common divisor of 75 and 375?
75
Calculate the highest common divisor of 495 and 215.
5
What is the highest common factor of 46 and 6?
2
What is the greatest common divisor of 1034 and 22?
22
Calculate the greatest